{"id":1629,"date":"2023-03-15T12:27:37","date_gmt":"2023-03-15T12:27:37","guid":{"rendered":"https:\/\/gruporuipaula.com\/cms\/?page_id=1629"},"modified":"2023-03-17T10:36:06","modified_gmt":"2023-03-17T10:36:06","slug":"ccbn-caravela","status":"publish","type":"page","link":"https:\/\/gruporuipaula.com\/cms\/ccbn-caravela\/","title":{"rendered":"CCBN-Caravela"},"content":{"rendered":"<p>[vc_row row_type=&#8221;row&#8221; use_row_as_full_screen_section=&#8221;no&#8221; type=&#8221;full_width&#8221; text_align=&#8221;center&#8221; background_animation=&#8221;none&#8221; css_animation=&#8221;&#8221;][vc_column]<div class=\"call_to_action normal\" style=\"background-color: #f5f5f5;\"><div class=\"container_inner\"><div class=\"two_columns_75_25 clearfix\"><div class=\"text_wrapper column1\"><div class=\"call_to_action_text\" style=\"\"><\/p>\n<h4>Fa\u00e7a a sua reserva<\/h4>\n<p><\/div><\/div><div class=\"button_wrapper column2\"><a href=\"#reservas-ccbn\" class=\"qbutton \" target=\"_self\" style=\"\">Reservar<\/a><\/div><\/div><\/div><\/div>[\/vc_column][\/vc_row][vc_row row_type=&#8221;row&#8221; use_row_as_full_screen_section=&#8221;no&#8221; type=&#8221;full_width&#8221; text_align=&#8221;center&#8221; background_animation=&#8221;none&#8221; padding_top=&#8221;100&#8243; padding_bottom=&#8221;100&#8243; css_animation=&#8221;&#8221;][vc_column][vc_row_inner row_type=&#8221;row&#8221; type=&#8221;grid&#8221; use_row_as_full_screen_section_slide=&#8221;no&#8221; text_align=&#8221;center&#8221; padding_top=&#8221;20&#8243; padding_bottom=&#8221;20&#8243; css_animation=&#8221;&#8221;][vc_column_inner width=&#8221;1\/2&#8243;][vc_single_image image=&#8221;1328&#8243; img_size=&#8221;&#8221; alignment=&#8221;right&#8221; qode_css_animation=&#8221;&#8221;][\/vc_column_inner][vc_column_inner width=&#8221;1\/2&#8243;][vc_single_image image=&#8221;1328&#8243; img_size=&#8221;&#8221; qode_css_animation=&#8221;&#8221;][\/vc_column_inner][\/vc_row_inner][vc_row_inner row_type=&#8221;row&#8221; type=&#8221;grid&#8221; use_row_as_full_screen_section_slide=&#8221;no&#8221; text_align=&#8221;center&#8221; padding_top=&#8221;20&#8243; padding_bottom=&#8221;20&#8243; css_animation=&#8221;&#8221;][vc_column_inner][vc_column_text]<\/p>\n<h2 style=\"text-align: center;\">Caravela<\/h2>\n<p>[\/vc_column_text][vc_column_text]<\/p>\n<h4 style=\"text-align: center;\">Canto I<\/h4>\n<p>[\/vc_column_text][vc_separator type=&#8221;transparent&#8221; border_style=&#8221;&#8221; up=&#8221;20&#8243; down=&#8221;20&#8243;][vc_column_text]<\/p>\n<p style=\"text-align: center;\">A Casa de Ch\u00e1 da Boa Nova, com duas estrelas Michelin, \u00e9 muito mais do que um restaurante. Quem entra apercebe-se, de imediato, da dimens\u00e3o do horizonte atrav\u00e9s das suas imponentes janelas, elevando ao m\u00e1ximo as expectativas do momento.<br \/>\nA singularidade do edif\u00edcio constitui um \u2018paradigma da inser\u00e7\u00e3o da arquitetura na paisagem\u2019.<br \/>\nResultado da genialidade arquitet\u00f3nica do Pritzker Siza Vieira, o im\u00f3vel \u00e9 uma das obras mais emblem\u00e1ticas do conceituado arquiteto, classificado como Monumento Nacional e integrado no Roteiro Internacional de Arquitetura, podendo ser visitado por marca\u00e7\u00e3o pr\u00e9via atrav\u00e9s da Casa da Arquitetura.<\/p>\n<p>[\/vc_column_text][\/vc_column_inner][\/vc_row_inner][\/vc_column][\/vc_row][vc_row row_type=&#8221;row&#8221; use_row_as_full_screen_section=&#8221;no&#8221; type=&#8221;full_width&#8221; text_align=&#8221;center&#8221; background_image=&#8221;1076&#8243; background_animation=&#8221;none&#8221; padding_top=&#8221;250&#8243; padding_bottom=&#8221;250&#8243; css_animation=&#8221;&#8221;][vc_column][\/vc_column][\/vc_row][vc_row row_type=&#8221;row&#8221; use_row_as_full_screen_section=&#8221;no&#8221; type=&#8221;full_width&#8221; anchor=&#8221;contactos-ccbn&#8221; text_align=&#8221;center&#8221; background_animation=&#8221;none&#8221; padding_top=&#8221;100&#8243; padding_bottom=&#8221;100&#8243; css_animation=&#8221;&#8221;][vc_column][vc_row_inner row_type=&#8221;row&#8221; type=&#8221;grid&#8221; use_row_as_full_screen_section_slide=&#8221;no&#8221; text_align=&#8221;left&#8221; padding_top=&#8221;20&#8243; padding_bottom=&#8221;20&#8243; css_animation=&#8221;&#8221;][vc_column_inner width=&#8221;1\/4&#8243;][vc_column_text]<\/p>\n<h3>Morada<\/h3>\n<p>[\/vc_column_text][vc_column_text]<\/p>\n<div class=\"wpb_text_column wpb_content_element \">\n<div class=\"wpb_wrapper\">\n<p>Casa de Ch\u00e1 da Boa Nova<br \/>\nAvenida da Liberdade n\u00ba 1681<br \/>\n4450-718 Le\u00e7a da Palmeira<br \/>\nPortugal<br \/>\nGPS: 41\u00b0 12\u2032 10.21 N \/ 8\u00b0 42\u2032 52.87 W<\/p>\n<\/div>\n<\/div>\n<p>[\/vc_column_text][\/vc_column_inner][vc_column_inner width=&#8221;1\/4&#8243;][vc_column_text]<\/p>\n<h3>Contactos<\/h3>\n<p>[\/vc_column_text][vc_column_text]+351 229 940 066<br \/>\n+351 932 499 444<br \/>\n<a href=\"mailto:boanova@ruipaula.com\" target=\"_blank\" rel=\"noopener\">boanova@ruipaula.com<\/a>[\/vc_column_text][vc_separator type=&#8221;transparent&#8221; border_style=&#8221;&#8221; up=&#8221;5&#8243; down=&#8221;5&#8243;]<span class='q_social_icon_holder with_link normal_social' ><a href='https:\/\/www.facebook.com\/Casa-de-Ch%C3%A1-da-Boa-Nova-585142605028237\/' target='_self'><i class='social_icon fa fa-facebook medium simple_social' style=''><\/i><\/a><\/span><span class='q_social_icon_holder with_link normal_social' ><a href='https:\/\/www.instagram.com\/casachaboanova\/' target='_self'><i class='social_icon fa fa-instagram medium simple_social' style=''><\/i><\/a><\/span><span class='q_social_icon_holder with_link normal_social' ><a href='https:\/\/www.twitter.com\/casachaboanova\/' target='_self'><i class='social_icon fa fa-twitter medium simple_social' style=''><\/i><\/a><\/span>[\/vc_column_inner][vc_column_inner width=&#8221;1\/4&#8243;][vc_column_text]<\/p>\n<h3>Hor\u00e1rio<\/h3>\n<p>[\/vc_column_text][vc_column_text]Almo\u00e7o:\u00a0 das 12h30 \u00e0s 15h<br \/>\nJantar:\u00a0 das 19h30 \u00e0s 22h30[\/vc_column_text][vc_separator type=&#8221;transparent&#8221; border_style=&#8221;&#8221; up=&#8221;5&#8243; down=&#8221;5&#8243;][vc_column_text]Domingo e Segunda feira[\/vc_column_text][\/vc_column_inner][vc_column_inner width=&#8221;1\/4&#8243;][vc_column_text]<\/p>\n<h3>Pagamento<\/h3>\n<p>[\/vc_column_text]<span class=\"q_font_awsome_icon q_icon_shortcode normal q_font_awsome_icon_holder fa-2x  \" style=\"color: #005151; \"><i class=\"fa fa-cc-amex\"><\/i><\/span><span class=\"q_font_awsome_icon q_icon_shortcode normal q_font_awsome_icon_holder fa-2x  \" style=\"color: #005151; \"><i class=\"fa fa-cc-mastercard\"><\/i><\/span><span class=\"q_font_awsome_icon q_icon_shortcode normal q_font_awsome_icon_holder fa-2x  \" style=\"color: #005151; \"><i class=\"fa fa-cc-visa\"><\/i><\/span>[\/vc_column_inner][\/vc_row_inner][\/vc_column][\/vc_row]<\/p>\n","protected":false},"excerpt":{"rendered":"<p>[vc_row row_type=&#8221;row&#8221; use_row_as_full_screen_section=&#8221;no&#8221; type=&#8221;full_width&#8221; text_align=&#8221;center&#8221; background_animation=&#8221;none&#8221; css_animation=&#8221;&#8221;][vc_column][\/vc_column][\/vc_row][vc_row row_type=&#8221;row&#8221; use_row_as_full_screen_section=&#8221;no&#8221; type=&#8221;full_width&#8221; text_align=&#8221;center&#8221; background_animation=&#8221;none&#8221; padding_top=&#8221;100&#8243; padding_bottom=&#8221;100&#8243; css_animation=&#8221;&#8221;][vc_column][vc_row_inner row_type=&#8221;row&#8221; type=&#8221;grid&#8221; use_row_as_full_screen_section_slide=&#8221;no&#8221; text_align=&#8221;center&#8221; padding_top=&#8221;20&#8243; padding_bottom=&#8221;20&#8243; css_animation=&#8221;&#8221;][vc_column_inner width=&#8221;1\/2&#8243;][vc_single_image image=&#8221;1328&#8243; img_size=&#8221;&#8221; alignment=&#8221;right&#8221; qode_css_animation=&#8221;&#8221;][\/vc_column_inner][vc_column_inner width=&#8221;1\/2&#8243;][vc_single_image image=&#8221;1328&#8243; img_size=&#8221;&#8221; qode_css_animation=&#8221;&#8221;][\/vc_column_inner][\/vc_row_inner][vc_row_inner row_type=&#8221;row&#8221; type=&#8221;grid&#8221; use_row_as_full_screen_section_slide=&#8221;no&#8221; text_align=&#8221;center&#8221;&#8230;<\/p>\n","protected":false},"author":1,"featured_media":0,"parent":0,"menu_order":0,"comment_status":"closed","ping_status":"closed","template":"full_width.php","meta":{"footnotes":""},"class_list":["post-1629","page","type-page","status-publish","hentry"],"_links":{"self":[{"href":"https:\/\/gruporuipaula.com\/cms\/wp-json\/wp\/v2\/pages\/1629","targetHints":{"allow":["GET"]}}],"collection":[{"href":"https:\/\/gruporuipaula.com\/cms\/wp-json\/wp\/v2\/pages"}],"about":[{"href":"https:\/\/gruporuipaula.com\/cms\/wp-json\/wp\/v2\/types\/page"}],"author":[{"embeddable":true,"href":"https:\/\/gruporuipaula.com\/cms\/wp-json\/wp\/v2\/users\/1"}],"replies":[{"embeddable":true,"href":"https:\/\/gruporuipaula.com\/cms\/wp-json\/wp\/v2\/comments?post=1629"}],"version-history":[{"count":18,"href":"https:\/\/gruporuipaula.com\/cms\/wp-json\/wp\/v2\/pages\/1629\/revisions"}],"predecessor-version":[{"id":1757,"href":"https:\/\/gruporuipaula.com\/cms\/wp-json\/wp\/v2\/pages\/1629\/revisions\/1757"}],"wp:attachment":[{"href":"https:\/\/gruporuipaula.com\/cms\/wp-json\/wp\/v2\/media?parent=1629"}],"curies":[{"name":"wp","href":"https:\/\/api.w.org\/{rel}","templated":true}]}}